{"id":1334,"date":"2016-06-21T21:24:35","date_gmt":"2016-06-21T21:24:35","guid":{"rendered":"http:\/\/coin-ecureuil.com\/?page_id=1334"},"modified":"2019-12-26T11:20:49","modified_gmt":"2019-12-26T11:20:49","slug":"ameliorations-et-quetes-diverses","status":"publish","type":"page","link":"http:\/\/coin-ecureuil.com\/?page_id=1334","title":{"rendered":"Am\u00e9liorations de Link"},"content":{"rendered":"<p><a href=\"http:\/\/coin-ecureuil.com\/wp-content\/uploads\/2016\/06\/Titre-Zelda-Sof-SOLUCE.png\"><img loading=\"lazy\" decoding=\"async\" class=\"size-full wp-image-915 aligncenter\" src=\"http:\/\/coin-ecureuil.com\/wp-content\/uploads\/2016\/06\/Titre-Zelda-Sof-SOLUCE.png\" alt=\"Titre Zelda Sof SOLUCE\" width=\"646\" height=\"233\" srcset=\"http:\/\/coin-ecureuil.com\/wp-content\/uploads\/2016\/06\/Titre-Zelda-Sof-SOLUCE.png 646w, http:\/\/coin-ecureuil.com\/wp-content\/uploads\/2016\/06\/Titre-Zelda-Sof-SOLUCE-300x108.png 300w\" sizes=\"auto, (max-width: 646px) 100vw, 646px\" \/><\/a><\/p>\n<p style=\"text-align: center;\">\u2500\u2500\u2500\u2500\u2500\u2500\u2500\u2500\u2500\u2500\u2500\u2500\u2500\u2500\u2500\u2500\u2500\u2500\u2500\u2500\u2500\u2500\u2500\u2500\u2500\u2500\u2500\u2500\u2500\u2500\u2500\u2500\u2500\u2500\u2500\u2500\u2500\u2500\u2500\u2500\u2500\u2500<\/p>\n<p style=\"text-align: center;\"><strong><a href=\"http:\/\/coin-ecureuil.com\/?p=78\">PR\u00c9SENTATION<\/a>&nbsp;&nbsp;|&nbsp; <a href=\"http:\/\/coin-ecureuil.com\/?page_id=946\">GALERIE<\/a>&nbsp;&nbsp;|&nbsp; <a href=\"http:\/\/coin-ecureuil.com\/?page_id=243\">NOTICE<\/a>&nbsp;&nbsp;|&nbsp; <a href=\"http:\/\/coin-ecureuil.com\/?page_id=929\">T\u00c9L\u00c9CHARGEMENT<\/a>&nbsp; |&nbsp; <\/strong><a href=\"http:\/\/coin-ecureuil.com\/?page_id=809\">SOLUCE<\/a><\/p>\n<p style=\"text-align: center;\">\u2500\u2500\u2500\u2500\u2500\u2500\u2500\u2500\u2500\u2500\u2500\u2500\u2500\u2500\u2500\u2500\u2500\u2500\u2500\u2500\u2500\u2500\u2500\u2500\u2500\u2500\u2500\u2500\u2500\u2500\u2500\u2500\u2500\u2500\u2500\u2500\u2500\u2500\u2500\u2500\u2500\u2500<\/p>\n<p style=\"text-align: left;\">Ces qu\u00eates annexes vous permettront d&rsquo;am\u00e9liorer Link et le rendre plus efficace contre ses adversaires.<\/p>\n<p style=\"text-align: left;\"><strong>Obtenir le pass VIP<\/strong><\/p>\n<p style=\"text-align: left;\">Le pass VIP est r\u00e9serv\u00e9 aux amis de la guilde des marchands. Vous pouvez en obtenir un en effectuant cette petite qu\u00eate. Il vous permettra de faire rembourser la moiti\u00e9 de TOUS vos achats futurs. Pratique ! Rendez-vous au temple marchand (un t\u00e9l\u00e9porteur permet d&rsquo;y acc\u00e9der, cach\u00e9 sous un buisson juste en dessous de la maison du purificateur d&rsquo;\u00e2me). Parlez au vieux homme tout en haut de l&rsquo;endroit pour apprendre que son fils a disparu.<\/p>\n<p style=\"text-align: left;\"><a href=\"http:\/\/coin-ecureuil.com\/wp-content\/uploads\/2016\/06\/SC-soluce_0032_Calque-6.png\"><img loading=\"lazy\" decoding=\"async\" class=\"alignnone size-full wp-image-1347\" src=\"http:\/\/coin-ecureuil.com\/wp-content\/uploads\/2016\/06\/SC-soluce_0032_Calque-6.png\" alt=\"SC-soluce_0032_Calque-6\" width=\"240\" height=\"160\"><\/a><a href=\"http:\/\/coin-ecureuil.com\/wp-content\/uploads\/2016\/06\/SC-soluce_0027_Calque-11.png\"><img loading=\"lazy\" decoding=\"async\" class=\"alignnone size-full wp-image-1335\" src=\"http:\/\/coin-ecureuil.com\/wp-content\/uploads\/2016\/06\/SC-soluce_0027_Calque-11.png\" alt=\"SC-soluce_0027_Calque-11\" width=\"240\" height=\"160\"><\/a><br \/>\nRendez-vous au mont des disparus. Placez une bombe sur le mur fractur\u00e9 \u00e0 c\u00f4t\u00e9 de la maison du forgeron et entrez. Apr\u00e8s avoir affront\u00e9 un fant\u00f4me et deux stalfos, vous trouverez l&rsquo;enfant en train de discuter avec sa copine. Apr\u00e8s vous avoir remarqu\u00e9, il rejoindra son p\u00e8re.<\/p>\n<p style=\"text-align: left;\"><a href=\"http:\/\/coin-ecureuil.com\/wp-content\/uploads\/2016\/06\/SC-soluce_0012_Calque-26.png\"><img loading=\"lazy\" decoding=\"async\" class=\"alignnone size-full wp-image-1336\" src=\"http:\/\/coin-ecureuil.com\/wp-content\/uploads\/2016\/06\/SC-soluce_0012_Calque-26.png\" alt=\"SC-soluce_0012_Calque-26\" width=\"240\" height=\"160\"><\/a> <a href=\"http:\/\/coin-ecureuil.com\/wp-content\/uploads\/2016\/06\/SC-soluce_0011_Calque-27.png\"><img loading=\"lazy\" decoding=\"async\" class=\"alignnone size-full wp-image-1338\" src=\"http:\/\/coin-ecureuil.com\/wp-content\/uploads\/2016\/06\/SC-soluce_0011_Calque-27.png\" alt=\"SC-soluce_0011_Calque-27\" width=\"240\" height=\"160\"><\/a><br \/>\nRetournez voir l&rsquo;homme en question, il vous remettra le pass VIP.<\/p>\n<p style=\"text-align: left;\"><a href=\"http:\/\/coin-ecureuil.com\/wp-content\/uploads\/2016\/06\/SC-soluce_0011_Calque-11.png\"><img loading=\"lazy\" decoding=\"async\" class=\"alignnone size-full wp-image-1337\" src=\"http:\/\/coin-ecureuil.com\/wp-content\/uploads\/2016\/06\/SC-soluce_0011_Calque-11.png\" alt=\"SC-soluce_0011_Calque-11\" width=\"240\" height=\"160\"><\/a><\/p>\n<p style=\"text-align: left;\"><strong>Activer les plumes sacr\u00e9es<\/strong><br \/>\nRendez-vous devant le goron arch\u00e9ologue au mont des disparus. Jouez de l&rsquo;ocarina devant le symbole sur le mur pour faire apparaitre ces plumes. Elles vous permettront de faire baisser votre souffrance d&rsquo;\u00e2me gratuitement quand vous les trouverez !<\/p>\n<p style=\"text-align: left;\"><a href=\"http:\/\/coin-ecureuil.com\/wp-content\/uploads\/2016\/06\/SC-soluce_0009_Calque-29.png\"><img loading=\"lazy\" decoding=\"async\" class=\"alignnone size-full wp-image-1340\" src=\"http:\/\/coin-ecureuil.com\/wp-content\/uploads\/2016\/06\/SC-soluce_0009_Calque-29.png\" alt=\"SC-soluce_0009_Calque-29\" width=\"240\" height=\"160\"><\/a><a href=\"http:\/\/coin-ecureuil.com\/wp-content\/uploads\/2016\/06\/SC-soluce_0008_Calque-30.png\"><img loading=\"lazy\" decoding=\"async\" class=\"alignnone size-full wp-image-1339\" src=\"http:\/\/coin-ecureuil.com\/wp-content\/uploads\/2016\/06\/SC-soluce_0008_Calque-30.png\" alt=\"SC-soluce_0008_Calque-30\" width=\"240\" height=\"160\"><\/a><\/p>\n<p style=\"text-align: left;\"><strong>Am\u00e9liorer l&rsquo;\u00e9p\u00e9e<\/strong><br \/>\nPour mener \u00e0 bout cette qu\u00eate et avoir les d\u00e9g\u00e2ts de son \u00e9p\u00e9e doubl\u00e9s, il faut accomplir une suite d&rsquo;\u00e9changes les personnages de Semytia. Rendez-vous dans la plaine, tout \u00e0 haut \u00e0 droite pour obtenir une plume basique bloqu\u00e9e derri\u00e8re 2 caisses.<\/p>\n<p style=\"text-align: left;\"><a href=\"http:\/\/coin-ecureuil.com\/wp-content\/uploads\/2016\/06\/SC-soluce_0044_Calque-1.png\"><img loading=\"lazy\" decoding=\"async\" class=\"alignnone size-full wp-image-1341\" src=\"http:\/\/coin-ecureuil.com\/wp-content\/uploads\/2016\/06\/SC-soluce_0044_Calque-1.png\" alt=\"SC-soluce_0044_Calque-1\" width=\"240\" height=\"160\"><\/a><br \/>\nDonnez la plume \u00e0 l&rsquo;homme dans la biblioth\u00e8que de la mer de glace, il vous donne un livre d&rsquo;histoire en \u00e9change.<\/p>\n<p style=\"text-align: left;\"><a href=\"http:\/\/coin-ecureuil.com\/wp-content\/uploads\/2016\/06\/SC-soluce_0041_Calque-4.png\"><img loading=\"lazy\" decoding=\"async\" class=\"alignnone size-full wp-image-1346\" src=\"http:\/\/coin-ecureuil.com\/wp-content\/uploads\/2016\/06\/SC-soluce_0041_Calque-4.png\" alt=\"SC-soluce_0041_Calque-4\" width=\"240\" height=\"160\"><\/a><br \/>\nDonnez ce livre \u00e0 la femme \u00e0 c\u00f4t\u00e9 du comptoir de la boutique, elle vous l&rsquo;\u00e9changera contre un croissant frais.<\/p>\n<p style=\"text-align: left;\"><a href=\"http:\/\/coin-ecureuil.com\/wp-content\/uploads\/2016\/06\/SC-soluce_0014_Calque-31.png\"><img loading=\"lazy\" decoding=\"async\" class=\"alignnone size-full wp-image-1345\" src=\"http:\/\/coin-ecureuil.com\/wp-content\/uploads\/2016\/06\/SC-soluce_0014_Calque-31.png\" alt=\"SC-soluce_0014_Calque-31\" width=\"240\" height=\"160\"><\/a><br \/>\n\u00c9changez ce croissant contre un sandwich aux graines \u00e0 l&rsquo;homme assis en haut \u00e0 gauche de la mer de glace.<\/p>\n<p style=\"text-align: left;\"><a href=\"http:\/\/coin-ecureuil.com\/wp-content\/uploads\/2016\/06\/SC-soluce_0013_Calque-32.png\"><img loading=\"lazy\" decoding=\"async\" class=\"alignnone size-full wp-image-1344\" src=\"http:\/\/coin-ecureuil.com\/wp-content\/uploads\/2016\/06\/SC-soluce_0013_Calque-32.png\" alt=\"SC-soluce_0013_Calque-32\" width=\"240\" height=\"160\"><\/a><br \/>\nAllez ensuite au mont des disparus donnez ce sandwich \u00e0 l&rsquo;homme assis pr\u00e8s du premier interrupteur que vous avez activ\u00e9 pour ouvrir la caverne des tortur\u00e9s.<\/p>\n<p style=\"text-align: left;\"><a href=\"http:\/\/coin-ecureuil.com\/wp-content\/uploads\/2016\/06\/SC-soluce_0012_Calque-33.png\"><img loading=\"lazy\" decoding=\"async\" class=\"alignnone size-full wp-image-1343\" src=\"http:\/\/coin-ecureuil.com\/wp-content\/uploads\/2016\/06\/SC-soluce_0012_Calque-33.png\" alt=\"SC-soluce_0012_Calque-33\" width=\"240\" height=\"160\"><\/a><\/p>\n<p style=\"text-align: left;\">Donnez le soulier que vous venez d&rsquo;obtenir \u00e0 l&rsquo;homme qui a tout perdu \u00e0 la loterie. Il vous donne un faux rubis.<\/p>\n<p style=\"text-align: left;\"><a href=\"http:\/\/coin-ecureuil.com\/wp-content\/uploads\/2016\/06\/SC-soluce_0011_Calque-34.png\"><img loading=\"lazy\" decoding=\"async\" class=\"alignnone size-full wp-image-1348\" src=\"http:\/\/coin-ecureuil.com\/wp-content\/uploads\/2016\/06\/SC-soluce_0011_Calque-34.png\" alt=\"SC-soluce_0011_Calque-34\" width=\"240\" height=\"160\"><\/a><br \/>\nFaux rubis que vous \u00e9changez contre de la Tyclite au po\u00e8te de la colline aux songes.<\/p>\n<p style=\"text-align: left;\"><a href=\"http:\/\/coin-ecureuil.com\/wp-content\/uploads\/2016\/06\/SC-soluce_0010_Calque-35.png\"><img loading=\"lazy\" decoding=\"async\" class=\"alignnone size-full wp-image-1342\" src=\"http:\/\/coin-ecureuil.com\/wp-content\/uploads\/2016\/06\/SC-soluce_0010_Calque-35.png\" alt=\"SC-soluce_0010_Calque-35\" width=\"240\" height=\"160\"><\/a><br \/>\nUtilisez finalement cette Tyclite aupr\u00e8s du forgeron au mont des disparus pour am\u00e9liorer votre \u00e9p\u00e9e.<\/p>\n<p style=\"text-align: left;\"><a href=\"http:\/\/coin-ecureuil.com\/wp-content\/uploads\/2016\/06\/SC-soluce_0009_Calque-36.png\"><img loading=\"lazy\" decoding=\"async\" class=\"alignnone size-full wp-image-1349\" src=\"http:\/\/coin-ecureuil.com\/wp-content\/uploads\/2016\/06\/SC-soluce_0009_Calque-36.png\" alt=\"SC-soluce_0009_Calque-36\" width=\"240\" height=\"160\"><\/a><\/p>\n<p style=\"text-align: left;\"><strong>Am\u00e9liorer sa bourse<\/strong><\/p>\n<p style=\"text-align: left;\">Vous pouvez am\u00e9liorer votre bourse pour qu&rsquo;elle contienne 900, 1400, 2000 puis une infinit\u00e9 de rubis. Vous trouverez ces am\u00e9liorations dans des coffres rouges.<\/p>\n<p style=\"text-align: left;\">Ouvrez le coffre rouge du palais des marchands pour 30 rubis.<\/p>\n<p style=\"text-align: left;\"><a href=\"http:\/\/coin-ecureuil.com\/wp-content\/uploads\/2016\/06\/SC-soluce_0028_Calque-10.png\"><img loading=\"lazy\" decoding=\"async\" class=\"alignnone size-full wp-image-1350\" src=\"http:\/\/coin-ecureuil.com\/wp-content\/uploads\/2016\/06\/SC-soluce_0028_Calque-10.png\" alt=\"SC-soluce_0028_Calque-10\" width=\"240\" height=\"160\"><\/a><br \/>\nDans la plaine il faut r\u00e9soudre une \u00e9nigme pour ouvrir un coffre rouge. \u00ab\u00a0Seules les mains des arbres gauchers doivent \u00eatre choisies\u00a0\u00bb. En fait les mains sont les piquets pr\u00e9sents \u00e0 c\u00f4t\u00e9s de certains arbres. N&rsquo;enfoncez que ceux pr\u00e9sents du c\u00f4t\u00e9 gauche (il y en a 2 en tout) et ouvrez le coffre.<\/p>\n<p style=\"text-align: left;\"><a href=\"http:\/\/coin-ecureuil.com\/wp-content\/uploads\/2016\/06\/SC-soluce_0022_Calque-16.png\"><img loading=\"lazy\" decoding=\"async\" class=\"alignnone size-full wp-image-1356\" src=\"http:\/\/coin-ecureuil.com\/wp-content\/uploads\/2016\/06\/SC-soluce_0022_Calque-16.png\" alt=\"SC-soluce_0022_Calque-16\" width=\"240\" height=\"160\"><\/a><a href=\"http:\/\/coin-ecureuil.com\/wp-content\/uploads\/2016\/06\/SC-soluce_0025_Calque-13.png\"><img loading=\"lazy\" decoding=\"async\" class=\"alignnone size-full wp-image-1355\" src=\"http:\/\/coin-ecureuil.com\/wp-content\/uploads\/2016\/06\/SC-soluce_0025_Calque-13.png\" alt=\"SC-soluce_0025_Calque-13\" width=\"240\" height=\"160\"><\/a><a href=\"http:\/\/coin-ecureuil.com\/wp-content\/uploads\/2016\/06\/SC-soluce_0022_Calque-16.png\"><img loading=\"lazy\" decoding=\"async\" class=\"alignnone size-full wp-image-1354\" src=\"http:\/\/coin-ecureuil.com\/wp-content\/uploads\/2016\/06\/SC-soluce_0023_Calque-15.png\" alt=\"SC-soluce_0023_Calque-15\" width=\"240\" height=\"160\"><\/a><a href=\"http:\/\/coin-ecureuil.com\/wp-content\/uploads\/2016\/06\/SC-soluce_0020_Calque-18.png\"><img loading=\"lazy\" decoding=\"async\" class=\"alignnone size-full wp-image-1353\" src=\"http:\/\/coin-ecureuil.com\/wp-content\/uploads\/2016\/06\/SC-soluce_0020_Calque-18.png\" alt=\"SC-soluce_0020_Calque-18\" width=\"240\" height=\"160\"><\/a><br \/>\nOuvrez le coffre rouge de la caverne aux tr\u00e9sors pour 40 rubis.<\/p>\n<p style=\"text-align: left;\"><a href=\"http:\/\/coin-ecureuil.com\/wp-content\/uploads\/2016\/06\/SC-soluce_0017_Calque-28.png\"><img loading=\"lazy\" decoding=\"async\" class=\"alignnone size-full wp-image-1352\" src=\"http:\/\/coin-ecureuil.com\/wp-content\/uploads\/2016\/06\/SC-soluce_0017_Calque-28.png\" alt=\"SC-soluce_0017_Calque-28\" width=\"240\" height=\"160\"><\/a><br \/>\nOuvrez le coffre rouge de la maison aux feus follets apr\u00e8s les avoir tous r\u00e9unis.<\/p>\n<p style=\"text-align: left;\"><a href=\"http:\/\/coin-ecureuil.com\/wp-content\/uploads\/2016\/06\/SC-soluce_0012_Calque-10.png\"><img loading=\"lazy\" decoding=\"async\" class=\"alignnone size-full wp-image-1351\" src=\"http:\/\/coin-ecureuil.com\/wp-content\/uploads\/2016\/06\/SC-soluce_0012_Calque-10.png\" alt=\"SC-soluce_0012_Calque-10\" width=\"240\" height=\"160\"><\/a><\/p>\n<p style=\"text-align: left;\"><strong>Obtenir l&rsquo;anneau de protection<\/strong><\/p>\n<p style=\"text-align: left;\">Il existe un anneau qui divise par deux les d\u00e9g\u00e2ts inflig\u00e9s par vos ennemis. Pour l&rsquo;obtenir, allez dans la colline au songe, et dirigez vous en bas \u00e0 droite \u00e0 partir du stand de tir jusqu&rsquo;\u00e0 arriver \u00e0 un arbre et quatre buissons. Coupez les buissons pour faire apparaitre un escalier menant \u00e0 la grotte du guerrier. Cette grotte contient 14 \u00e9tages o\u00f9 vous devrez affronter diff\u00e9rents ennemis. \u00c0 la fin votre r\u00e9compense sera le bracelet magique. Ce passage peut \u00eatre assez difficile, il est conseill\u00e9 d&rsquo;avoir au pr\u00e9alable am\u00e9lior\u00e9 son \u00e9p\u00e9e et achet\u00e9 une potion.<\/p>\n<p style=\"text-align: left;\">\u00c9tage 1 : 3 octorocks<\/p>\n<p style=\"text-align: left;\"><img loading=\"lazy\" decoding=\"async\" class=\"alignnone size-full wp-image-1372\" src=\"http:\/\/coin-ecureuil.com\/wp-content\/uploads\/2016\/06\/Screenshot-soluce_0014_Calque-9.png\" alt=\"Screenshot-soluce_0014_Calque-9\" width=\"240\" height=\"160\"><a href=\"http:\/\/coin-ecureuil.com\/wp-content\/uploads\/2016\/06\/Screenshot-soluce_0013_Calque-10.png\"><img loading=\"lazy\" decoding=\"async\" class=\"alignnone size-full wp-image-1371\" src=\"http:\/\/coin-ecureuil.com\/wp-content\/uploads\/2016\/06\/Screenshot-soluce_0013_Calque-10.png\" alt=\"Screenshot-soluce_0013_Calque-10\" width=\"240\" height=\"160\"><\/a><br \/>\n\u00c9tage 2 : 2 octorocks et 3 larves<\/p>\n<p style=\"text-align: left;\"><a href=\"http:\/\/coin-ecureuil.com\/wp-content\/uploads\/2016\/06\/Screenshot-soluce_0012_Calque-11.png\"><img loading=\"lazy\" decoding=\"async\" class=\"alignnone size-full wp-image-1370\" src=\"http:\/\/coin-ecureuil.com\/wp-content\/uploads\/2016\/06\/Screenshot-soluce_0012_Calque-11.png\" alt=\"Screenshot-soluce_0012_Calque-11\" width=\"240\" height=\"160\"><\/a><br \/>\n\u00c9tage 3 : 3 like like verts<\/p>\n<p style=\"text-align: left;\"><a href=\"http:\/\/coin-ecureuil.com\/wp-content\/uploads\/2016\/06\/Screenshot-soluce_0011_Calque-12.png\"><img loading=\"lazy\" decoding=\"async\" class=\"alignnone size-full wp-image-1369\" src=\"http:\/\/coin-ecureuil.com\/wp-content\/uploads\/2016\/06\/Screenshot-soluce_0011_Calque-12.png\" alt=\"Screenshot-soluce_0011_Calque-12\" width=\"240\" height=\"160\"><\/a><br \/>\n\u00c9tage 4 : 4 stalfos<\/p>\n<p style=\"text-align: left;\"><a href=\"http:\/\/coin-ecureuil.com\/wp-content\/uploads\/2016\/06\/Screenshot-soluce_0010_Calque-13.png\"><img loading=\"lazy\" decoding=\"async\" class=\"alignnone size-full wp-image-1368\" src=\"http:\/\/coin-ecureuil.com\/wp-content\/uploads\/2016\/06\/Screenshot-soluce_0010_Calque-13.png\" alt=\"Screenshot-soluce_0010_Calque-13\" width=\"240\" height=\"160\"><\/a><br \/>\n\u00c9tage 5 : 3 like like rouges<\/p>\n<p style=\"text-align: left;\"><a href=\"http:\/\/coin-ecureuil.com\/wp-content\/uploads\/2016\/06\/Screenshot-soluce_0009_Calque-14.png\"><img loading=\"lazy\" decoding=\"async\" class=\"alignnone size-full wp-image-1367\" src=\"http:\/\/coin-ecureuil.com\/wp-content\/uploads\/2016\/06\/Screenshot-soluce_0009_Calque-14.png\" alt=\"Screenshot-soluce_0009_Calque-14\" width=\"240\" height=\"160\"><\/a><br \/>\n\u00c9tage 6 : 4 serpents<\/p>\n<p style=\"text-align: left;\"><a href=\"http:\/\/coin-ecureuil.com\/wp-content\/uploads\/2016\/06\/Screenshot-soluce_0008_Calque-15.png\"><img loading=\"lazy\" decoding=\"async\" class=\"alignnone size-full wp-image-1366\" src=\"http:\/\/coin-ecureuil.com\/wp-content\/uploads\/2016\/06\/Screenshot-soluce_0008_Calque-15.png\" alt=\"Screenshot-soluce_0008_Calque-15\" width=\"240\" height=\"160\"><\/a><br \/>\n\u00c9tage 7 : 3 floor master<\/p>\n<p style=\"text-align: left;\"><a href=\"http:\/\/coin-ecureuil.com\/wp-content\/uploads\/2016\/06\/Screenshot-soluce_0007_Calque-16.png\"><img loading=\"lazy\" decoding=\"async\" class=\"alignnone size-full wp-image-1365\" src=\"http:\/\/coin-ecureuil.com\/wp-content\/uploads\/2016\/06\/Screenshot-soluce_0007_Calque-16.png\" alt=\"Screenshot-soluce_0007_Calque-16\" width=\"240\" height=\"160\"><\/a><br \/>\n\u00c9tage 8 : 10 chauves-souris<\/p>\n<p style=\"text-align: left;\"><a href=\"http:\/\/coin-ecureuil.com\/wp-content\/uploads\/2016\/06\/Screenshot-soluce_0006_Calque-17.png\"><img loading=\"lazy\" decoding=\"async\" class=\"alignnone size-full wp-image-1364\" src=\"http:\/\/coin-ecureuil.com\/wp-content\/uploads\/2016\/06\/Screenshot-soluce_0006_Calque-17.png\" alt=\"Screenshot-soluce_0006_Calque-17\" width=\"240\" height=\"160\"><\/a><br \/>\n\u00c9tage 9 : 5 fant\u00f4me<\/p>\n<p style=\"text-align: left;\"><a href=\"http:\/\/coin-ecureuil.com\/wp-content\/uploads\/2016\/06\/Screenshot-soluce_0005_Calque-18.png\"><img loading=\"lazy\" decoding=\"async\" class=\"alignnone size-full wp-image-1363\" src=\"http:\/\/coin-ecureuil.com\/wp-content\/uploads\/2016\/06\/Screenshot-soluce_0005_Calque-18.png\" alt=\"Screenshot-soluce_0005_Calque-18\" width=\"240\" height=\"160\"><\/a><br \/>\n\u00c9tage 10 : 3 serpent et 1 fant\u00f4me<\/p>\n<p style=\"text-align: left;\"><a href=\"http:\/\/coin-ecureuil.com\/wp-content\/uploads\/2016\/06\/Screenshot-soluce_0004_Calque-19.png\"><img loading=\"lazy\" decoding=\"async\" class=\"alignnone size-full wp-image-1362\" src=\"http:\/\/coin-ecureuil.com\/wp-content\/uploads\/2016\/06\/Screenshot-soluce_0004_Calque-19.png\" alt=\"Screenshot-soluce_0004_Calque-19\" width=\"240\" height=\"160\"><\/a><br \/>\n\u00c9tage 11 : 3 fant\u00f4me et 1 cr\u00e2ne maudit<\/p>\n<p style=\"text-align: left;\"><a href=\"http:\/\/coin-ecureuil.com\/wp-content\/uploads\/2016\/06\/Screenshot-soluce_0003_Calque-20.png\"><img loading=\"lazy\" decoding=\"async\" class=\"alignnone size-full wp-image-1361\" src=\"http:\/\/coin-ecureuil.com\/wp-content\/uploads\/2016\/06\/Screenshot-soluce_0003_Calque-20.png\" alt=\"Screenshot-soluce_0003_Calque-20\" width=\"240\" height=\"160\"><\/a><br \/>\n\u00c9tage 12 : 5 floor master<\/p>\n<p style=\"text-align: left;\"><a href=\"http:\/\/coin-ecureuil.com\/wp-content\/uploads\/2016\/06\/Screenshot-soluce_0002_Calque-21.png\"><img loading=\"lazy\" decoding=\"async\" class=\"alignnone size-full wp-image-1360\" src=\"http:\/\/coin-ecureuil.com\/wp-content\/uploads\/2016\/06\/Screenshot-soluce_0002_Calque-21.png\" alt=\"Screenshot-soluce_0002_Calque-21\" width=\"240\" height=\"160\"><\/a><br \/>\n\u00c9tage 13 : 3 wizzrobe<\/p>\n<p style=\"text-align: left;\"><a href=\"http:\/\/coin-ecureuil.com\/wp-content\/uploads\/2016\/06\/Screenshot-soluce_0001_Calque-22.png\"><img loading=\"lazy\" decoding=\"async\" class=\"alignnone size-full wp-image-1359\" src=\"http:\/\/coin-ecureuil.com\/wp-content\/uploads\/2016\/06\/Screenshot-soluce_0001_Calque-22.png\" alt=\"Screenshot-soluce_0001_Calque-22\" width=\"240\" height=\"160\"><\/a><br \/>\n\u00c9tage 14 : 1 darknut (effectuez des roulades pour passer dans son dos et le frapper)<\/p>\n<p style=\"text-align: left;\"><a href=\"http:\/\/coin-ecureuil.com\/wp-content\/uploads\/2016\/06\/SC-soluce_0008_Calque-37.png\"><img loading=\"lazy\" decoding=\"async\" class=\"alignnone size-full wp-image-1358\" src=\"http:\/\/coin-ecureuil.com\/wp-content\/uploads\/2016\/06\/SC-soluce_0008_Calque-37.png\" alt=\"SC-soluce_0008_Calque-37\" width=\"240\" height=\"160\"><\/a><a href=\"http:\/\/coin-ecureuil.com\/wp-content\/uploads\/2016\/06\/SC-soluce_0007_Calque-38.png\"><img loading=\"lazy\" decoding=\"async\" class=\"alignnone size-full wp-image-1357\" src=\"http:\/\/coin-ecureuil.com\/wp-content\/uploads\/2016\/06\/SC-soluce_0007_Calque-38.png\" alt=\"SC-soluce_0007_Calque-38\" width=\"240\" height=\"160\"><\/a><a href=\"http:\/\/coin-ecureuil.com\/wp-content\/uploads\/2016\/06\/SC-soluce_0006_Calque-39.png\"><img loading=\"lazy\" decoding=\"async\" class=\"alignnone size-full wp-image-1373\" src=\"http:\/\/coin-ecureuil.com\/wp-content\/uploads\/2016\/06\/SC-soluce_0006_Calque-39.png\" alt=\"SC-soluce_0006_Calque-39\" width=\"240\" height=\"160\"><\/a><\/p>\n<p style=\"text-align: left;\"><strong>D\u00e9bloquer le phonographe<\/strong><br \/>\nPour d\u00e9bloquer le phonographe, il suffit de gagner 3 fois au mini-jeu de Tingle, \u00e0 la mer de glace. Vous pourrez alors \u00e9couter toutes les musiques du jeu \u00e0 volont\u00e9.<\/p>\n<p style=\"text-align: left;\"><a href=\"http:\/\/coin-ecureuil.com\/wp-content\/uploads\/2016\/06\/SC-soluce_0037_Calque-8.png\"><img loading=\"lazy\" decoding=\"async\" class=\"alignnone size-full wp-image-1413\" src=\"http:\/\/coin-ecureuil.com\/wp-content\/uploads\/2016\/06\/SC-soluce_0037_Calque-8.png\" alt=\"SC-soluce_0037_Calque-8\" width=\"240\" height=\"160\"><\/a><a href=\"http:\/\/coin-ecureuil.com\/wp-content\/uploads\/2016\/06\/SC-soluce_0036_Calque-9.png\"><img loading=\"lazy\" decoding=\"async\" class=\"alignnone size-full wp-image-1412\" src=\"http:\/\/coin-ecureuil.com\/wp-content\/uploads\/2016\/06\/SC-soluce_0036_Calque-9.png\" alt=\"SC-soluce_0036_Calque-9\" width=\"240\" height=\"160\"><\/a><\/p>\n<p style=\"text-align: right;\"><em><strong><a href=\"http:\/\/coin-ecureuil.com\/?page_id=809\">Retour \u00e0 l&rsquo;index<\/a><\/strong><\/em><\/p>\n<p style=\"text-align: left;\">\u2500\u2500\u2500\u2500\u2500\u2500\u2500\u2500\u2500\u2500\u2500\u2500\u2500\u2500\u2500\u2500\u2500\u2500\u2500\u2500\u2500\u2500\u2500\u2500\u2500\u2500\u2500\u2500\u2500\u2500\u2500\u2500\u2500\u2500\u2500\u2500\u2500\u2500\u2500\u2500\u2500\u2500\u2500<\/p>\n","protected":false},"excerpt":{"rendered":"<p>\u2500\u2500\u2500\u2500\u2500\u2500\u2500\u2500\u2500\u2500\u2500\u2500\u2500\u2500\u2500\u2500\u2500\u2500\u2500\u2500\u2500\u2500\u2500\u2500\u2500\u2500\u2500\u2500\u2500\u2500\u2500\u2500\u2500\u2500\u2500\u2500\u2500\u2500\u2500\u2500\u2500\u2500 PR\u00c9SENTATION&nbsp;&nbsp;|&nbsp; GALERIE&nbsp;&nbsp;|&nbsp; NOTICE&nbsp;&nbsp;|&nbsp; T\u00c9L\u00c9CHARGEMENT&nbsp; |&nbsp; SOLUCE \u2500\u2500\u2500\u2500\u2500\u2500\u2500\u2500\u2500\u2500\u2500\u2500\u2500\u2500\u2500\u2500\u2500\u2500\u2500\u2500\u2500\u2500\u2500\u2500\u2500\u2500\u2500\u2500\u2500\u2500\u2500\u2500\u2500\u2500\u2500\u2500\u2500\u2500\u2500\u2500\u2500\u2500 Ces qu\u00eates annexes vous permettront d&rsquo;am\u00e9liorer Link et le rendre plus efficace contre ses adversaires. Obtenir le pass VIP Le pass VIP est r\u00e9serv\u00e9 aux amis de la guilde des marchands. Vous pouvez en obtenir un en effectuant cette petite qu\u00eate. Il vous permettra de faire rembourser [&hellip;]<\/p>\n","protected":false},"author":1,"featured_media":0,"parent":0,"menu_order":5,"comment_status":"closed","ping_status":"closed","template":"","meta":{"footnotes":""},"class_list":["post-1334","page","type-page","status-publish","hentry"],"_links":{"self":[{"href":"http:\/\/coin-ecureuil.com\/index.php?rest_route=\/wp\/v2\/pages\/1334","targetHints":{"allow":["GET"]}}],"collection":[{"href":"http:\/\/coin-ecureuil.com\/index.php?rest_route=\/wp\/v2\/pages"}],"about":[{"href":"http:\/\/coin-ecureuil.com\/index.php?rest_route=\/wp\/v2\/types\/page"}],"author":[{"embeddable":true,"href":"http:\/\/coin-ecureuil.com\/index.php?rest_route=\/wp\/v2\/users\/1"}],"replies":[{"embeddable":true,"href":"http:\/\/coin-ecureuil.com\/index.php?rest_route=%2Fwp%2Fv2%2Fcomments&post=1334"}],"version-history":[{"count":6,"href":"http:\/\/coin-ecureuil.com\/index.php?rest_route=\/wp\/v2\/pages\/1334\/revisions"}],"predecessor-version":[{"id":2576,"href":"http:\/\/coin-ecureuil.com\/index.php?rest_route=\/wp\/v2\/pages\/1334\/revisions\/2576"}],"wp:attachment":[{"href":"http:\/\/coin-ecureuil.com\/index.php?rest_route=%2Fwp%2Fv2%2Fmedia&parent=1334"}],"curies":[{"name":"wp","href":"https:\/\/api.w.org\/{rel}","templated":true}]}}