{"id":1933,"date":"2018-10-28T11:02:34","date_gmt":"2018-10-28T11:02:34","guid":{"rendered":"http:\/\/coin-ecureuil.com\/?page_id=1933"},"modified":"2019-12-28T17:06:45","modified_gmt":"2019-12-28T17:06:45","slug":"newsletter","status":"publish","type":"page","link":"http:\/\/coin-ecureuil.com\/?page_id=1933","title":{"rendered":"Newsletter"},"content":{"rendered":"<hr \/>\n<p>Abonne-toi pour recevoir les derni\u00e8res nouvelles du site ! Comme \u00e7a tu seras le premier \u00e0 savoir quand du contenu sort, et se tenir au courant de mon travail est un bon moyen de le soutenir. C&rsquo;est gratuit, c&rsquo;est pas obligatoire, tu peux te d\u00e9sinscrire quand tu veux, et promis je ne te spammerai pas \ud83d\ude42 .<\/p>\n<p><div class=\"tnp tnp-subscription \">\n<form method=\"post\" action=\"http:\/\/coin-ecureuil.com\/wp-admin\/admin-ajax.php?action=tnp&amp;na=s\">\n<input type=\"hidden\" name=\"nlang\" value=\"\">\n<div class=\"tnp-field tnp-field-email\"><label for=\"tnp-1\">Email<\/label>\n<input class=\"tnp-email\" type=\"email\" name=\"ne\" id=\"tnp-1\" value=\"\" placeholder=\"\" required><\/div>\n<div class=\"tnp-field tnp-privacy-field\"><label><input type=\"checkbox\" name=\"ny\" required class=\"tnp-privacy\"> <a target=\"_blank\" href=\"http:\/\/coin-ecureuil.com\/?page_id=1938\">En continuant, vous acceptez les conditions d&#039;utilisation<\/a><\/label><\/div><div class=\"tnp-field tnp-field-button\" style=\"text-align: left\"><input class=\"tnp-submit\" type=\"submit\" value=\"S&#039;abonner\" style=\"\">\n<\/div>\n<\/form>\n<\/div>\n<\/p>\n<hr \/>\n","protected":false},"excerpt":{"rendered":"<p>Abonne-toi pour recevoir les derni\u00e8res nouvelles du site ! Comme \u00e7a tu seras le premier \u00e0 savoir quand du contenu sort, et se tenir au courant de mon travail est un bon moyen de le soutenir. C&rsquo;est gratuit, c&rsquo;est pas obligatoire, tu peux te d\u00e9sinscrire quand tu veux, et promis je ne te spammerai pas [&hellip;]<\/p>\n","protected":false},"author":1,"featured_media":0,"parent":0,"menu_order":0,"comment_status":"closed","ping_status":"closed","template":"","meta":{"footnotes":""},"class_list":["post-1933","page","type-page","status-publish","hentry"],"_links":{"self":[{"href":"http:\/\/coin-ecureuil.com\/index.php?rest_route=\/wp\/v2\/pages\/1933","targetHints":{"allow":["GET"]}}],"collection":[{"href":"http:\/\/coin-ecureuil.com\/index.php?rest_route=\/wp\/v2\/pages"}],"about":[{"href":"http:\/\/coin-ecureuil.com\/index.php?rest_route=\/wp\/v2\/types\/page"}],"author":[{"embeddable":true,"href":"http:\/\/coin-ecureuil.com\/index.php?rest_route=\/wp\/v2\/users\/1"}],"replies":[{"embeddable":true,"href":"http:\/\/coin-ecureuil.com\/index.php?rest_route=%2Fwp%2Fv2%2Fcomments&post=1933"}],"version-history":[{"count":7,"href":"http:\/\/coin-ecureuil.com\/index.php?rest_route=\/wp\/v2\/pages\/1933\/revisions"}],"predecessor-version":[{"id":2634,"href":"http:\/\/coin-ecureuil.com\/index.php?rest_route=\/wp\/v2\/pages\/1933\/revisions\/2634"}],"wp:attachment":[{"href":"http:\/\/coin-ecureuil.com\/index.php?rest_route=%2Fwp%2Fv2%2Fmedia&parent=1933"}],"curies":[{"name":"wp","href":"https:\/\/api.w.org\/{rel}","templated":true}]}}