{"id":809,"date":"2016-06-17T20:22:40","date_gmt":"2016-06-17T20:22:40","guid":{"rendered":"http:\/\/coin-ecureuil.com\/?page_id=809"},"modified":"2016-07-04T01:05:15","modified_gmt":"2016-07-04T01:05:15","slug":"soluce-zelda-sof","status":"publish","type":"page","link":"http:\/\/coin-ecureuil.com\/?page_id=809","title":{"rendered":"Soluce Zelda SoF"},"content":{"rendered":"<p><a href=\"http:\/\/coin-ecureuil.com\/wp-content\/uploads\/2016\/06\/Titre-Zelda-Sof-SOLUCE.png\"><img loading=\"lazy\" decoding=\"async\" class=\"size-full wp-image-915 aligncenter\" src=\"http:\/\/coin-ecureuil.com\/wp-content\/uploads\/2016\/06\/Titre-Zelda-Sof-SOLUCE.png\" alt=\"Titre Zelda Sof SOLUCE\" width=\"646\" height=\"233\" srcset=\"http:\/\/coin-ecureuil.com\/wp-content\/uploads\/2016\/06\/Titre-Zelda-Sof-SOLUCE.png 646w, http:\/\/coin-ecureuil.com\/wp-content\/uploads\/2016\/06\/Titre-Zelda-Sof-SOLUCE-300x108.png 300w\" sizes=\"auto, (max-width: 646px) 100vw, 646px\" \/><\/a><\/p>\n<p>Bienvenue dans la soluce de Zelda SoF ! Elle permettra de vous d\u00e9bloquer si vous vous retrouvez bloqu\u00e9 pendant votre aventure. Notez que c&rsquo;est compl\u00e8tement de la triche, et que cela peut nuire \u00e0 votre exp\u00e9rience de jeu, alors utilisez-la si vous n&rsquo;avez vraiment pas le choix, et avec mod\u00e9ration \ud83d\ude42 .<\/p>\n<p style=\"text-align: center;\">\u2500\u2500\u2500\u2500\u2500\u2500\u2500\u2500\u2500\u2500\u2500\u2500\u2500\u2500\u2500\u2500\u2500\u2500\u2500\u2500\u2500\u2500\u2500\u2500\u2500\u2500\u2500\u2500\u2500\u2500\u2500\u2500\u2500\u2500\u2500\u2500\u2500\u2500\u2500\u2500\u2500\u2500<\/p>\n<p style=\"text-align: center;\"><strong><a href=\"http:\/\/coin-ecureuil.com\/?p=78\">PR\u00c9SENTATION<\/a>\u00a0\u00a0|\u00a0 <a href=\"http:\/\/coin-ecureuil.com\/?page_id=946\">GALERIE<\/a>\u00a0\u00a0|\u00a0 <a href=\"http:\/\/coin-ecureuil.com\/?page_id=243\">NOTICE<\/a>\u00a0\u00a0|\u00a0 <a href=\"http:\/\/coin-ecureuil.com\/?page_id=929\">T\u00c9L\u00c9CHARGEMENT<\/a>\u00a0 |\u00a0 <\/strong>SOLUCE<\/p>\n<p style=\"text-align: center;\">\u2500\u2500\u2500\u2500\u2500\u2500\u2500\u2500\u2500\u2500\u2500\u2500\u2500\u2500\u2500\u2500\u2500\u2500\u2500\u2500\u2500\u2500\u2500\u2500\u2500\u2500\u2500\u2500\u2500\u2500\u2500\u2500\u2500\u2500\u2500\u2500\u2500\u2500\u2500\u2500\u2500\u2500<\/p>\n<p>&nbsp;<\/p>\n<p><strong>Qu\u00eate principale<br \/>\n<\/strong><\/p>\n<ul>\n<li><em><a href=\"http:\/\/coin-ecureuil.com\/?page_id=318\">Puits sans fond<\/a><\/em><\/li>\n<li><a href=\"http:\/\/coin-ecureuil.com\/?page_id=816\"><em>Face de la peur<\/em><\/a><\/li>\n<li><em><a href=\"http:\/\/coin-ecureuil.com\/?page_id=1024\">Face de l&rsquo;insomnie<\/a><br \/>\n<\/em><\/li>\n<li><a href=\"http:\/\/coin-ecureuil.com\/?page_id=1101\"><em>Face de la haine<\/em><\/a><\/li>\n<li><a href=\"http:\/\/coin-ecureuil.com\/?page_id=1164\"><em>Face de la dualit\u00e9<\/em><\/a><\/li>\n<li><a href=\"http:\/\/coin-ecureuil.com\/?page_id=1229\"><em>Boss final<\/em><\/a><\/li>\n<\/ul>\n<p>&nbsp;<\/p>\n<p><strong>Qu\u00eates annexes<\/strong><\/p>\n<ul>\n<li><a href=\"http:\/\/coin-ecureuil.com\/?page_id=1257\"><em>Tous les quarts de c\u0153ur<\/em><\/a><\/li>\n<li><a href=\"http:\/\/coin-ecureuil.com\/?page_id=1258\"><em>Tous les feux follets<\/em><\/a><\/li>\n<li><a href=\"http:\/\/coin-ecureuil.com\/?page_id=1334\"><em>Am\u00e9liorations de Link<\/em><\/a><\/li>\n<li><a href=\"http:\/\/coin-ecureuil.com\/?page_id=1379\"><em>Qu\u00eates parall\u00e8les<\/em><\/a><\/li>\n<li><a href=\"http:\/\/coin-ecureuil.com\/?page_id=1424\"><em>Carte d\u00e9taill\u00e9e<\/em><\/a><\/li>\n<\/ul>\n<p>&nbsp;<\/p>\n<p>\u2500\u2500\u2500\u2500\u2500\u2500\u2500\u2500\u2500\u2500\u2500\u2500\u2500\u2500\u2500\u2500\u2500\u2500\u2500\u2500\u2500\u2500\u2500\u2500\u2500\u2500\u2500\u2500\u2500\u2500\u2500\u2500\u2500\u2500\u2500\u2500\u2500\u2500\u2500\u2500\u2500\u2500\u2500<\/p>\n","protected":false},"excerpt":{"rendered":"<p>Bienvenue dans la soluce de Zelda SoF ! Elle permettra de vous d\u00e9bloquer si vous vous retrouvez bloqu\u00e9 pendant votre aventure. Notez que c&rsquo;est compl\u00e8tement de la triche, et que cela peut nuire \u00e0 votre exp\u00e9rience de jeu, alors utilisez-la si vous n&rsquo;avez vraiment pas le choix, et avec mod\u00e9ration \ud83d\ude42 . \u2500\u2500\u2500\u2500\u2500\u2500\u2500\u2500\u2500\u2500\u2500\u2500\u2500\u2500\u2500\u2500\u2500\u2500\u2500\u2500\u2500\u2500\u2500\u2500\u2500\u2500\u2500\u2500\u2500\u2500\u2500\u2500\u2500\u2500\u2500\u2500\u2500\u2500\u2500\u2500\u2500\u2500 PR\u00c9SENTATION\u00a0\u00a0|\u00a0 GALERIE\u00a0\u00a0|\u00a0 [&hellip;]<\/p>\n","protected":false},"author":1,"featured_media":0,"parent":0,"menu_order":0,"comment_status":"closed","ping_status":"closed","template":"","meta":{"footnotes":""},"class_list":["post-809","page","type-page","status-publish","hentry"],"_links":{"self":[{"href":"http:\/\/coin-ecureuil.com\/index.php?rest_route=\/wp\/v2\/pages\/809","targetHints":{"allow":["GET"]}}],"collection":[{"href":"http:\/\/coin-ecureuil.com\/index.php?rest_route=\/wp\/v2\/pages"}],"about":[{"href":"http:\/\/coin-ecureuil.com\/index.php?rest_route=\/wp\/v2\/types\/page"}],"author":[{"embeddable":true,"href":"http:\/\/coin-ecureuil.com\/index.php?rest_route=\/wp\/v2\/users\/1"}],"replies":[{"embeddable":true,"href":"http:\/\/coin-ecureuil.com\/index.php?rest_route=%2Fwp%2Fv2%2Fcomments&post=809"}],"version-history":[{"count":28,"href":"http:\/\/coin-ecureuil.com\/index.php?rest_route=\/wp\/v2\/pages\/809\/revisions"}],"predecessor-version":[{"id":1487,"href":"http:\/\/coin-ecureuil.com\/index.php?rest_route=\/wp\/v2\/pages\/809\/revisions\/1487"}],"wp:attachment":[{"href":"http:\/\/coin-ecureuil.com\/index.php?rest_route=%2Fwp%2Fv2%2Fmedia&parent=809"}],"curies":[{"name":"wp","href":"https:\/\/api.w.org\/{rel}","templated":true}]}}